t -5554500 (base 6) to base 12.
-115a30
What is 1138bd5 (base 15) in base 2?
101111000010101000011110
Convert 14312243 (base 5) to base 14.
3d020
What is -10222011101111 (base 3) in base 11?
-1210808
What is 352940 (base 10) in base 6?
11321552
3125016 (base 7) to base 9
633143
Convert -11011001000101100 (base 2) to base 11.
-76564
What is -56cbdc (base 14) in base 9?
-5503315
What is -164607 (base 9) in base 7?
-602602
What is -3464633 (base 8) in base 7?
-11012521
What is 113962 (base 10) in base 16?
1bd2a
-23144304 (base 5) to base 6
-4253041
What is -6121603 (base 9) in base 7?
-36504210
What is -2100111011 (base 3) in base 13?
-180b2
Convert 166172 (base 14) to base 10.
785080
Convert 643593 (base 12) to base 6.
53523503
What is 408375 (base 10) in base 11?
259900
What is -1815160 (base 9) in base 7?
-11422530
-2ed31 (base 16) to base 15
-3bc63
Convert 3f4ed (base 16) to base 4.
333103231
Convert 1279906 (base 10) to base 15.
1a4371
Convert 144176 (base 9) to base 14.
242b5
Convert 8293296 (base 10) to base 6.
453430520
What is -25bb92 (base 15) in base 14?
-3522cc
What is 5111132 (base 6) in base 13?
86585
What is -181e97 (base 16) in base 13?
-43462c
Convert 250484 (base 9) to base 5.
14320203
What is 2623331 (base 7) in base 8?
1234174
Convert -dc084 (base 14) to base 13.
-15847b
660db (base 14) to base 16
3c571
Convert 6364576 (base 9) to base 15.
474e19
Convert -b36d (base 14) to base 4.
-13202111
What is -153134 (base 9) in base 2?
-10110111111001001
What is 423652 (base 7) in base 2?
10001111010101110
What is 12010001221 (base 3) in base 6?
2053554
What is 2633a (base 12) in base 16?
cc5e
Convert 1210001120022 (base 3) to base 15.
13a41b
What is -590489 (base 15) in base 11?
-2445815
What is 310401 (base 8) in base 16?
19101
What is -191654 (base 15) in base 7?
-13240165
Convert 81228 (base 10) to base 8.
236514
-2111434043 (base 5) to base 16
-433913
What is 2122400 (base 6) in base 14?
29dcc
What is -14ea4 (base 15) in base 16?
-10765
122434322 (base 5) to base 3
1010010120012
What is -201112110212 (base 3) in base 11?
-2429a3
What is -1111001001011001011 (base 2) in base 5?
-111340311
What is -119009b (base 12) in base 15?
-478bde
4a246 (base 16) to base 5
34204221
Convert -11111111100010010010 (base 2) to base 15.
-15a1d4
Convert 355906a (base 12) to base 8.
47277022
Convert -391608 (base 12) to base 16.
-e4728
-360665 (base 7) to base 5
-4041133
What is -630410 (base 12) in base 13?
-4261b0
3562126 (base 8) to base 13
2822b9
What is 146433655 (base 7) in base 13?
206719c
What is -60964b (base 15) in base 9?
-8562548
Convert -1240021 (base 5) to base 6.
-304522
Convert -10111101110110110 (base 2) to base 10.
-97206
What is 272356 (base 8) in base 10?
95470
8cfbd (base 16) to base 10
577469
2204552 (base 6) to base 14
2c0cc
Convert -2635446 (base 7) to base 12.
-1479a0
What is 8633784 (base 9) in base 4?
101221331233
-34048 (base 11) to base 10
-49299
Convert 2a4cd (base 16) to base 9.
283602
Convert 5355453 (base 8) to base 5.
331313423
What is 1010000000101100 (base 2) in base 14?
10d2c
-21201200132 (base 4) to base 12
-a04912
Convert -6829b (base 13) to base 8.
-561740
Convert 4857 (base 16) to base 5.
1043034
Convert 8cbc5d (base 14) to base 13.
cbc0b9
What is 12113231 (base 4) in base 7?
136034
-1133121 (base 6) to base 16
-e689
Convert 3587136 (base 9) to base 13.
532443
628232 (base 10) to base 2
10011001011000001000
Convert 1010021200100 (base 3) to base 9.
1107610
-10011011110000000000 (base 2) to base 15
-c9052
What is -654650 (base 7) in base 8?
-337564
What is -202320030013 (base 4) in base 13?
-1b817b4
What is -15d784 (base 16) in base 5?
-331301203
Convert 67a1b6 (base 12) to base 10.
1655706
-102202111 (base 3) to base 10
-8572
What is -201224350 (base 6) in base 9?
-6400233
-15344315 (base 6) to base 11
-340824
2042574 (base 8) to base 11
3402a7
-1322445 (base 6) to base 13
-27404
What is -120222020020111 (base 3) in base 4?
-200120033302
What is -a742a9 (base 11) in base 9?
-3208526
-14051513 (base 6) to base 2
-1110011100101100101
What is -10692a (base 15) in base 11?
-494328
-190925 (base 15) to base 10
-1217060
What is -476dc5 (base 14) in base 5?
-1111030033
What is 1111440 (base 5) in base 4?
10302210
359a26 (base 11) to base 14
10b7dd
-cc1c91 (base 15) to base 8
-45064403
-5504043 (base 7) to base 6
-22234523
What is -6a77 (base 13) in base 5?
-434340
What is 10000000011110101 (base 2) in base 15?
14756
Convert 10011111110011010011100 (base 2) to base 4.
103332122130
What is -31057110 (base 8) in base 16?
-645e48
What is -70457 (base 10) in base 9?
-116575
What is -166756 (base 9) in base 14?
-29983
212408 (base 11) to base 9
567223
-665207 (base 8) to base 9
-371084
Convert 3204344 (base 8) to base 9.
1541720
Convert 202000020000121 (base 3) to base 11.
6002985
-1001000001010000111 (base 2) to base 7
-2340455
266051 (base 8) to base 6
1555333
-31323442 (base 7) to base 11
-1547054
What is cd04 (base 16) in base 5?
3134414
-80503 (base 10) to base 3
-11002102121
What is 845561 (base 9) in base 10?
502741
101010001011111010 (base 2) to base 9
283023
be43 (base 15) to base 14
109b4
-401422 (base 8) to base 6
-2454242
What is 55607c (base 14) in base 7?
33426215
What is -15103521 (base 6) in base 7?
-4302244
Convert 20379 (base 10) to base 15.
6089
What is -11153315 (base 6) in base 3?
-122100121102
What is 120022021010 (base 3) in base 2?
1001001100011010101
Convert -333120033 (base 4) to base 9.
-435083
What is 340476 (base 9) in base 4?
301300020
1462124 (base 11) to base 9
4640141
Convert 1120220201 (base 3) to base 7.
160132
137345 (base 12) to base 7
2515334
What is -10a202 (base 16) in base 2?
-100001010001000000010
What is 384835 (base 9) in base 14?
60dd5
13d2b76 (base 15) to base 4
312230003103
What is 7013156 (base 8) in base 6?
103241554
Convert -21344223 (base 5) to base 7.
-1365233
-12a408e (base 15) to base 3
-221021021110222
What is 36666023 (base 7) in base 9?
6170268
10d8b8 (base 16) to base 5
240312211
Convert 333032021 (base 4) to base 11.
167612
-500123 (base 6) to base 7
-221334
Convert 7102460 (base 8) to base 16.
1c8530
32313333323 (base 4) to base 2
1110110111111111111011
What is -348642 (base 16) in base 2?
-1101001000011001000010
What is -8b4cc3 (base 14) in base 4?
-102010321223
-330a4 (base 12) to base 8
-203674
Convert 126341 (base 9) to base 11.
527a1
Convert -140644c (base 13) to base 8.
-30103217
What is -404215 (base 8) in base 13?
-4886b
Convert -1213330 (base 5) to base 9.
-34446
221404440 (base 5) to base 15
141465
Convert -255456 (base 10) to base 3.
-110222102100
Convert 4143 (base 6) to base 15.
41c
What is -66442 (base 12) in base 5?
-13313120
What is -32220315 (base 6) in base 12?
-39a69b
-1001211011000 (base 3) to base 16
-8a7e6
-34b43 (base 14) to base 2
-11111010110110111
What is -72607 (base 12) in base 3?
-21121001021
Convert 26167 (base 10) to base 5.
1314132
What is 3498b (base 14) in base 16?
1f46f
201002222210020 (base 3) to base 2
100110101111100011110000
-210658 (base 9) to base 3
-20100201222
Convert 102344444 (base 5) to base 15.
88a84
3003301234 (base 5) to base 11
3380708
Convert -144332 (base 8) to base 9.
-77471
Convert 4134351 (base 6) to base 9.
333334
What is 3a36 (base 12) in base 11?
5010
Convert -4dd9ce (base 15) to base 14.
-6d5859
Convert -132233 (base 11) to base 2.
-110010110000101010
103332230 (base 7) to base 14
b6ab17
What is 21022023013 (base 4) in base 8?
11121307
Convert 379ee (base 15) to base 11.
111600
Convert 1415443 (base 9) to base 11.
491750
What is -21532001 (base 8) in base 2?
-10001101011010000000001
Convert 101044013 (base 5) to base 6.
12434414
136215 (base 8) to base 10
48269
Convert -46b55 (base 13) to base 15.
-284da
Convert -1657553 (base 8) to base 13.
-13bc08
7b71 (base 13) to base 5
1023310
-123124 (base 5) to base 13
-2245
522341151 (base 6) to base 12
305a7b7
What is -1290b (base 12) in base 14?
-9415
What is -7b18a8 (base 13) in base 10?
-2916909
Convert 44614 (base 8) to base 6.
223100
-201220210102 (base 3) to base 8
-1375563
What is 760212 (base 8) in base 13?
8b865
1937464 (base 10) to base 7
22316404
What is 14252 (base 6) in base 3?
10002212
Convert -43b824 (base 14) to base 4.
-20301013120
5453321 (bas